{"id":2,"date":"2015-03-01T23:41:21","date_gmt":"2015-03-01T23:41:21","guid":{"rendered":"http:\/\/vle.com.mx\/capacitacion\/?page_id=2"},"modified":"2015-06-24T21:56:19","modified_gmt":"2015-06-24T21:56:19","slug":"valor","status":"publish","type":"page","link":"http:\/\/vle.com.mx\/capacitacion\/","title":{"rendered":"Nosotros"},"content":{"rendered":"<h2 style=\"padding-left: 30px;\"><span style=\"color: #000080;\"><strong>Somos<\/strong><\/span><\/h2>\n<p style=\"padding-left: 30px;\">esencialmente <strong>un centro de capacitaci\u00f3n y consultor\u00eda empresaria<\/strong>l.\u00a0 Nos caracterizamos por ofrecer a nuestros cliente las herramientas formativas que necesitan para implementar acciones soportadas en\u00a0 conocimientos acad\u00e9mico-pr\u00e1cticos actualizados.<\/p>\n<p style=\"padding-left: 30px;\"><strong>Nuestro enfoque est\u00e1 centrado en competencias<\/strong>. La perspectiva socioconstructivista de las competencias aboga por una concepci\u00f3n de competencia como la posibilidad de movilizar e integrar diversos saberes y recursos cognitivos cuando se enfrenta una situaci\u00f3n-problema in\u00e9dita, para lo cual la persona requiere mostrar la capacidad de resolver problemas complejos y abiertos, en distintos escenarios y momentos. De tal manera que el\u00a0 participante, al enfrentar la situaci\u00f3n y en el lugar mismo, re-construya el conocimiento, proponga\u00a0 soluciones o tome decisiones\u00a0 a trav\u00e9s de diferentes cursos talleres.<\/p>\n<p style=\"padding-left: 30px;\">Partimos del criterio rector de que para que la capacitaci\u00f3n provoque un incremento de la productividad y calidad de trabajo, debe pasar por tres etapas interdependientes:<\/p>\n<p style=\"padding-left: 60px;\">1. Detecci\u00f3n de necesidades de capacitaci\u00f3n.<\/p>\n<p style=\"padding-left: 60px;\">2. Formulaci\u00f3n y ejecuci\u00f3n de los programas de capacitaci\u00f3n.<\/p>\n<p style=\"padding-left: 60px;\">3. La evaluaci\u00f3n peri\u00f3dica de las actividades de capacitaci\u00f3n para conocer el grado de eficiencia, eficacia y beneficio que ha alcanzado con las actividades realizadas.<\/p>\n<p style=\"text-align: justify; padding-left: 30px;\"><a href=\"http:\/\/vle.com.mx\/capacitacion\/wp-content\/uploads\/2015\/03\/im1.jpg\"><img loading=\"lazy\" class=\"alignnone wp-image-360 size-full\" src=\"http:\/\/vle.com.mx\/capacitacion\/wp-content\/uploads\/2015\/03\/im1.jpg\" alt=\"\" width=\"615\" height=\"510\" srcset=\"http:\/\/vle.com.mx\/capacitacion\/wp-content\/uploads\/2015\/03\/im1.jpg 615w, http:\/\/vle.com.mx\/capacitacion\/wp-content\/uploads\/2015\/03\/im1-300x249.jpg 300w\" sizes=\"(max-width: 615px) 100vw, 615px\" \/><\/a><\/p>\n","protected":false},"excerpt":{"rendered":"<p>Somos esencialmente un centro de capacitaci\u00f3n y consultor\u00eda empresarial.\u00a0 Nos caracterizamos por ofrecer a nuestros cliente las herramientas formativas que necesitan para implementar acciones soportadas en\u00a0 conocimientos acad\u00e9mico-pr\u00e1cticos actualizados. Nuestro enfoque est\u00e1 centrado en competencias. La perspectiva socioconstructivista de las&hellip; <\/p>\n","protected":false},"author":1,"featured_media":0,"parent":0,"menu_order":1,"comment_status":"closed","ping_status":"closed","template":"","meta":[],"_links":{"self":[{"href":"http:\/\/vle.com.mx\/capacitacion\/wp-json\/wp\/v2\/pages\/2"}],"collection":[{"href":"http:\/\/vle.com.mx\/capacitacion\/wp-json\/wp\/v2\/pages"}],"about":[{"href":"http:\/\/vle.com.mx\/capacitacion\/wp-json\/wp\/v2\/types\/page"}],"author":[{"embeddable":true,"href":"http:\/\/vle.com.mx\/capacitacion\/wp-json\/wp\/v2\/users\/1"}],"replies":[{"embeddable":true,"href":"http:\/\/vle.com.mx\/capacitacion\/wp-json\/wp\/v2\/comments?post=2"}],"version-history":[{"count":18,"href":"http:\/\/vle.com.mx\/capacitacion\/wp-json\/wp\/v2\/pages\/2\/revisions"}],"predecessor-version":[{"id":384,"href":"http:\/\/vle.com.mx\/capacitacion\/wp-json\/wp\/v2\/pages\/2\/revisions\/384"}],"wp:attachment":[{"href":"http:\/\/vle.com.mx\/capacitacion\/wp-json\/wp\/v2\/media?parent=2"}],"curies":[{"name":"wp","href":"https:\/\/api.w.org\/{rel}","templated":true}]}}